 10750 and 86?
86
What is the greatest common divisor of 21 and 12999?
21
What is the highest common divisor of 1232 and 14?
14
Calculate the highest common divisor of 4418 and 188.
94
Calculate the greatest common divisor of 4 and 54.
2
What is the highest common factor of 172 and 12?
4
Calculate the highest common divisor of 120 and 24.
24
What is the highest common factor of 38 and 2736?
38
Calculate the highest common factor of 12 and 714.
6
Calculate the highest common divisor of 7 and 497.
7
What is the highest common divisor of 4189 and 295?
59
Calculate the highest common factor of 28455 and 105.
105
What is the highest common factor of 477 and 3127?
53
Calculate the highest common divisor of 95 and 25.
5
What is the greatest common divisor of 594 and 22?
22
Calculate the greatest common factor of 2 and 82.
2
Calculate the highest common divisor of 13 and 13.
13
Calculate the greatest common factor of 12 and 27.
3
What is the highest common divisor of 211 and 1?
1
Calculate the greatest common divisor of 4560 and 192.
48
Calculate the highest common factor of 144 and 112.
16
Calculate the greatest common factor of 5727 and 207.
69
What is the highest common factor of 2082 and 6?
6
What is the highest common factor of 476 and 442?
34
Calculate the greatest common divisor of 55 and 25.
5
Calculate the highest common factor of 56462 and 109.
109
What is the highest common divisor of 1691 and 19?
19
What is the highest common divisor of 210 and 63?
21
Calculate the highest common factor of 46 and 2438.
46
What is the highest common divisor of 224 and 96?
32
What is the greatest common divisor of 28 and 518?
14
Calculate the greatest common factor of 1740 and 180.
60
Calculate the greatest common factor of 14 and 35.
7
What is the greatest common divisor of 59 and 1357?
59
Calculate the highest common divisor of 3082 and 2278.
134
What is the highest common divisor of 1804 and 123?
41
What is the highest common divisor of 132 and 48?
12
Calculate the highest common factor of 4256 and 95.
19
Calculate the highest common factor of 16 and 8604.
4
What is the highest common factor of 30 and 15?
15
What is the greatest common factor of 357 and 12257?
119
Calculate the highest common divisor of 1391 and 107.
107
What is the greatest common factor of 12 and 15792?
12
What is the greatest common factor of 2 and 3?
1
Calculate the highest common divisor of 17892 and 504.
252
What is the greatest common factor of 960 and 330?
30
Calculate the highest common factor of 1260 and 9.
9
What is the highest common divisor of 598 and 468?
26
What is the highest common factor of 2 and 94?
2
Calculate the highest common factor of 896 and 192.
64
Calculate the highest common factor of 17750 and 50.
50
What is the greatest common factor of 208 and 39?
13
What is the greatest common divisor of 3380 and 320?
20
What is the greatest common divisor of 735 and 15?
15
What is the highest common divisor of 915 and 165?
15
What is the highest common factor of 4 and 64?
4
What is the greatest common divisor of 343 and 196?
49
Calculate the greatest common divisor of 9165 and 564.
141
What is the highest common factor of 2930 and 50?
10
What is the greatest common factor of 1280 and 25920?
320
Calculate the highest common factor of 480 and 15.
15
What is the greatest common factor of 629 and 259?
37
What is the greatest common factor of 126 and 18?
18
Calculate the highest common divisor of 45 and 1800.
45
What is the highest common factor of 27 and 29961?
9
What is the greatest common divisor of 1479 and 348?
87
Calculate the highest common factor of 646 and 1156.
34
Calculate the greatest common divisor of 48 and 224.
16
Calculate the greatest common divisor of 72 and 2232.
72
What is the highest common divisor of 666 and 370?
74
Calculate the greatest common factor of 22 and 275.
11
Calculate the greatest common factor of 302 and 755.
151
Calculate the highest common divisor of 243 and 6.
3
What is the highest common factor of 442 and 527?
17
What is the greatest common divisor of 14734 and 106?
106
What is the highest common divisor of 128 and 23808?
128
What is the greatest common factor of 1350 and 54?
54
Calculate the highest common factor of 15 and 15.
15
What is the highest common divisor of 1711 and 59?
59
Calculate the highest common factor of 3 and 3351.
3
What is the highest common divisor of 24 and 200?
8
What is the greatest common factor of 15 and 35?
5
Calculate the highest common factor of 31 and 4619.
31
Calculate the greatest common divisor of 33 and 759.
33
Calculate the highest common factor of 5643 and 66.
33
Calculate the highest common factor of 1023 and 186.
93
Calculate the greatest common factor of 15 and 1215.
15
Calculate the highest common factor of 40 and 5.
5
Calculate the highest common factor of 870 and 60.
30
Calculate the highest common divisor of 999 and 81.
27
What is the greatest common factor of 113 and 904?
113
What is the greatest common divisor of 1 and 463?
1
Calculate the greatest common factor of 112 and 128.
16
Calculate the greatest common factor of 55 and 3421.
11
Calculate the greatest common divisor of 462 and 154.
154
What is the highest common divisor of 110 and 1280?
10
Calculate the highest common factor of 1740 and 240.
60
Calculate the highest common factor of 12 and 498.
6
What is the greatest common factor of 3899 and 14?
7
What is the highest common factor of 305 and 355?
5
Calculate the highest common divisor of 54 and 1323.
27
Calculate the greatest common factor of 121 and 649.
11
What is the highest common divisor of 45 and 765?
45
What is the highest common factor of 70 and 1715?
35
Calculate the greatest common divisor of 84 and 224.
28
What is the highest common divisor of 25596 and 316?
316
Calculate the highest common divisor of 5358 and 741.
57
What is the highest common divisor of 36 and 1602?
18
What is the greatest common factor of 2892 and 12?
12
What is the greatest common factor of 6960 and 320?
80
What is the greatest common factor of 1985 and 5?
5
Calculate the highest common divisor of 28 and 14.
14
What is the greatest common factor of 5412 and 858?
66
Calculate the highest common factor of 5188 and 8.
4
What is the greatest common factor of 2363 and 3475?
139
What is the highest common factor of 4 and 124?
4
What is the greatest common divisor of 75 and 195?
15
What is the highest common factor of 9 and 63?
9
What is the highest common divisor of 14 and 14?
14
Calculate the highest common factor of 1044 and 12.
12
What is the greatest common divisor of 45 and 111?
3
What is the greatest common factor of 462 and 133?
7
What is the highest common divisor of 42 and 3444?
42
Calculate the highest common factor of 96 and 36.
12
Calculate the highest common factor of 500 and 200.
100
Calculate the greatest common factor of 2630 and 20.
10
What is the greatest common divisor of 259 and 23051?
259
Calculate the greatest common divisor of 9 and 909.
9
What is the highest common divisor of 107 and 128828?
107
What is the highest common divisor of 56 and 49?
7
What is the highest common factor of 32 and 28?
4
What is the highest common divisor of 21014 and 14?
14
What is the highest common factor of 72 and 96?
24
What is the greatest common factor of 42 and 14?
14
Calculate the greatest common divisor of 462 and 2178.
66
Calculate the highest common divisor of 48 and 300.
12
What is the greatest common divisor of 540 and 60?
60
What is the greatest common factor of 1285 and 4112?
257
What is the highest common factor of 7 and 2653?
7
What is the highest common factor of 40 and 1070?
10
What is the greatest common divisor of 92 and 23?
23
What is the greatest common divisor of 90 and 54?
18
Calculate the highest common factor of 184 and 24.
8
Calculate the greatest common factor of 70 and 392.
14
What is the greatest common divisor of 31500 and 240?
60
What is the highest common factor of 2952 and 144?
72
Calculate the highest common divisor of 1800 and 2200.
200
What is the highest common factor of 5664 and 160?
32
What is the greatest common factor of 1073 and 174?
29
What is the greatest common divisor of 327 and 545?
109
What is the greatest common divisor of 16044 and 84?
84
Calculate the grea